 -w + 733 = -3*r. List the prime factors of w.
5, 149
Let z(f) = f - 13. Let d be z(8). Let h(r) = -r**3 - 4*r**2 + 5*r + 15. Let a be h(d). Suppose -12*l = -a*l + 111. List the prime factors of l.
37
Suppose 4*t = -7*t. Let l = t + -3. What are the prime factors of (-1 + 3 + l)/((-1)/16)?
2
Let t = 27 - 27. Suppose 52 = -2*s - n + 271, t = 4*n - 4. What are the prime factors of s?
109
List the prime factors of (1398/(-3029))/(6/(-391144)).
2, 3761
List the prime factors of 459444/162 + (-48)/648.
2, 709
Suppose 744351 = 29*w + 53*w - 515989. What are the prime factors of w?
2, 5, 29, 53
Let y(r) be the first derivative of -101*r**2/2 + 153*r + 132. What are the prime factors of y(-11)?
2, 79
Let i = -2 + 2. Suppose i*h + 5*h + 3*a = 87, 5*a + 41 = 2*h. Let o(v) = 3*v - 51. What are the prime factors of o(h)?
3
Let y = -7621 + 10639. List the prime factors of y.
2, 3, 503
Let f(y) = 863*y**2 - 12*y + 12. List the prime factors of f(4).
2, 11, 313
Let v = -225 - -491. Let y = 278 - v. What are the prime factors of y?
2, 3
Let x be 2/19 + 2646/133. What are the prime factors of 14708/36 - x/(-45)?
409
Let t be 38/4*(-64)/(-304). Let g(k) = 706*k + 12. List the prime factors of g(t).
2, 89
Let l = -21 - -30. List the prime factors of 1 - -2 - l - -546.
2, 3, 5
Let j be 6/(-4)*10/(-15) - -368. Let z = 212 + j. List the prime factors of z.
7, 83
List the prime factors of 2/3*1*-4574*(-18)/4.
2, 3, 2287
Suppose 0*v + v - 14591 = -364. What are the prime factors of v?
41, 347
Let t(d) be the third derivative of d**5/20 + 5*d**4/8 + 37*d**3/6 + 7*d**2 + 7. List the prime factors of t(10).
487
Suppose r = -4*g + 96986, -g + 4*r = -6*g + 121249. List the prime factors of g.
5, 13, 373
Suppose 293625 = 61*k + 20*k. What are the prime factors of k?
5, 29
Let n(m) = -m**3 + 7*m**2 + 20*m - 19. Let s be n(9). List the prime factors of ((-40)/s + 2)*(-26)/(-4).
3, 7, 13
Suppose 128*z = 130*z - 414. Let m = 1081 - z. What are the prime factors of m?
2, 19, 23
Let v = 6297 + -666. What are the prime factors of v?
3, 1877
Suppose 20 = 2*d + 4*p, -7*d + 3*d - 4*p = -28. Suppose -d*r = 6 - 42. What are the prime factors of (-1)/((21/r)/(-7))?
3
What are the prime factors of (1 + 8136/(-90))*-3*10?
2, 3, 149
Suppose -1399*d = -1404*d + 20. List the prime factors of 9963/6 - (22/d + -4).
3, 7, 79
List the prime factors of 1938688/22 - (-2)/((-6)/((-54)/(-99))).
2, 3, 19, 773
Let f be (1 - 1)/(1 + -3). Let o(r) = f*r + r - r**3 - 3 + 6*r**3 + 2*r**2. What are the prime factors of o(2)?
47
Suppose 0 = 55*u - 48*u - 21. List the prime factors of -353*((-3)/u*1)/1.
353
Let t be 0*(4/(-6))/((-6)/(-9)). Suppose -16*a + t*a + 11680 = 0. List the prime factors of a.
2, 5, 73
Let d = -45 - -37. Let i be (20/d)/(5/24*-2). What are the prime factors of ((-36)/(-8))/(1/i)?
3
Let l(y) = -4*y**3 - 70*y**2 - 31*y - 155. What are the prime factors of l(-22)?
9239
Let a = 29 + -23. Suppose 4*n + 3*b = 4, a*n + 3*b + 4 = 4*n. Suppose u - 299 + 75 = -c, n*c = -5*u + 1123. What are the prime factors of u?
227
Suppose 31*d - 34*d + 675 = 0. Suppose -q + 2*q - 48 = 2*i, -5*q = -5*i - d. List the prime factors of q.
2, 3, 7
Suppose 173*q = 32122 + 76868. List the prime factors of q.
2, 3, 5, 7
Let b(x) = x + 17. Let u be b(-12). Suppose -u*v = -10, 0 = -4*k - 3*v + 2*v + 2. Suppose -4*w + 231 = 5*h, w + k*h = -3*h + 49. List the prime factors of w.
2
Let s(i) = -120*i + 3*i**2 + i**3 + 5*i**3 + 103*i - 6. List the prime factors of s(4).
2, 179
Suppose 4*g + 9*g = 4875. Let x = g - 22. Suppose -3*i = 3*t + 37 - 250, x = 5*t + 3*i. List the prime factors of t.
2, 5, 7
Let c(z) = z**2 - 11*z + 11. Let w be c(11). Let h be 936/66 - 2/w. Suppose -555 = -h*g + 2217. List the prime factors of g.
2, 3, 11
Let x(c) = 430*c + 7589. Let o be x(-18). Let l be 331 - (0 - (0 - 1)). Let q = l + o. What are the prime factors of q?
179
Let f(r) = -r**2 + 11*r + 613. Let h(d) = -d**2 - 7*d + 44. Let g be h(4). What are the prime factors of f(g)?
613
Let x(t) = -29*t**2 - 12*t - 9. Let p be x(-7). List the prime factors of p/(-2) - (-37 - -42).
2, 167
Let j(b) = 59*b**2 - 5*b - 7. Let t be j(-5). Suppose 9*k - t = 1153. What are the prime factors of k?
2, 3, 7
List the prime factors of ((-1)/3)/(6/(-44124)*(-8)/(-36)).
3, 3677
Let y(s) be the second derivative of s**5/20 - 7*s**4/6 + 5*s**3/6 - 15*s**2/2 + s. Let z = -124 + 138. List the prime factors of y(z).
5, 11
Suppose -5*r + 4*b = -10 + 77, -4*r + b = 58. List the prime factors of 4 + 4286/10 + (-6)/r.
433
Suppose -2*j - 11 = i, -2*j + i = 3*i + 16. Let c be 1/(-2 - j/2) + 86. Suppose 4*o - f = f + 126, 5*f = 3*o - c. What are the prime factors of o?
3, 11
Suppose -6*t = -t - 1850. Suppose t - 2226 = -8*q. Let z = q - 157. List the prime factors of z.
3, 5
Let z = -5321 + 1879. Let x = -1419 - z. List the prime factors of (x/34)/((-2)/(-4)).
7, 17
Suppose -2*j + 0 = -3*i - 3, -5*i = -j - 2. Suppose i + 3 = 4*z + 2*u, -z + u + 4 = 0. What are the prime factors of z/((-1)/1)*(-3405)/30?
227
Suppose 0 = -14*h + 271460 - 87696. List the prime factors of h.
2, 6563
Suppose 41*j + 5 = 42*j. Suppose j*n = -5*c + 1715, -n - 4*c + 328 = -0*c. List the prime factors of n.
2, 3, 29
Suppose 6*q - 5*q - 16 = 0. Suppose -12*s = -q*s + 788. What are the prime factors of s?
197
Suppose -2*k + 19270 + 14372 = -4*v, v = -2*k + 33652. List the prime factors of k.
5, 673
Suppose 0 = -13*o - 7*o - 160. What are the prime factors of (o - 22/(-5))/(2/(-25))?
3, 5
Let w = -33 + 38. Suppose -w*l + 1284 = -3*l. Suppose 4*x = -2*x + l. What are the prime factors of x?
107
Let v(z) = -3. Let s(b) = -78*b - 29. Let t(q) = s(q) + 4*v(q). List the prime factors of t(-14).
1051
Suppose -4 + 19 = -n + 5*w, 18 = -4*n - w. List the prime factors of (-4 - n)*1 + 265.
2, 7, 19
Suppose 4*z = s - 11, -2*z - 17 = -4*s - 1. Suppose 0 = 4*t + 3*k - 6181, -2*k = -s*k + 3. What are the prime factors of t?
1543
Let l = 201 + -163. Let q = 104 - 53. Let x = l + q. What are the prime factors of x?
89
Let u(i) be the first derivative of 4*i**3/3 - i**2/2 - 3*i - 60. List the prime factors of u(12).
3, 11, 17
Suppose n = -n - 6*n. Suppose -9*d + 3*d + 132 = n. Suppose 3*h - 73 = -d. List the prime factors of h.
17
Let a(w) = 3*w**3 + 8*w**2 - 87*w + 528. List the prime factors of a(18).
2, 3, 5, 127
Suppose 0 = 14*f - 11*f - 90. List the prime factors of 1*-1 - 3230/(f/(-3)).
2, 7, 23
Suppose -32*m + 212195 = 32*m + 91*m. What are the prime factors of m?
37
Let a be (8/12)/(7/3 - 2). Let o(j) = 6*j**2 + 18 - 5*j**2 - j**3 + 0*j**a + 43. What are the prime factors of o(0)?
61
Suppose 42*n - 3107 = 967. Suppose 101 = 11*a - n. List the prime factors of a.
2, 3
Suppose -18*d + 17*d - 5*a + 39539 = 0, -118617 = -3*d + a. List the prime factors of d.
19, 2081
Let t(p) = -304*p**2 - 10*p - 1. Let j(n) = 305*n**2 + 11*n. Let d(c) = -5*j(c) - 6*t(c). Let o be d(-1). Suppose 0 = s - 4*s + o. List the prime factors of s.
2, 5
Suppose -2*j + 2420 = -2*l + 25992, 0 = -j + 5. What are the prime factors of l?
13, 907
Suppose 14*r - 3101 - 2723 = 0. Suppose -3*g - p = r - 3150, -5*p - 10 = 0. List the prime factors of g.
2, 3, 19
Let s(z) = -3*z**2 + 3*z + 5. Let y be s(-11). Let p = y + 672. Suppose 3*j = p + 67. What are the prime factors of j?
2, 29
Let k = -28314 + 45921. List the prime factors of k.
3, 5869
Let v(z) = -4*z - 9. Let x(u) = u - 1. Let h(q) = -v(q) - 3*x(q). Let r be h(-5). Suppose -r*k + 162 + 244 = 0. List the prime factors of k.
2, 29
Let f = 301 + -285. Suppose -f*t + 3*t = -7930. List the prime factors of t.
2, 5, 61
Let t(n) = -3*n**3 - 5*n**2 - 4*n - 7. Let c be t(-2). Suppose -4*g + 64 = -2*g + 4*i, c*g + 2*i = 168. List the prime factors of g.
2, 17
Suppose 0 = 5*l + 5*c - 20, 2*l + 2*l + 3*c - 13 = 0. Let q be (-4)/5*(-670 + 5). List the prime factors of -3 + q/8 + l/2.
2
Suppose -5*w = 5*i - 641 + 211, 5*w - 439 = -2*i. Let u = 65 + w. List the prime factors of u.
2, 7, 11
Let g be 1*((2 - 0) + 2). Let m = 1379 + -1306. Suppose g*p = -3*z + 95, -4*z = -p + 4*p - m. What are the prime factors of p?
23
Let y = 525 + 282. Let q = y + -453. List the prime factors of q.
2, 3, 59
Let c = 24648 + -3028. What are the prime factors of c?
2, 5, 23, 47
Let y be 1 + (-7*(2 - 3) - 3). Suppos